44372?
True
Is 3103 a factor of 512921253?
False
Is 59 a factor of 9823400?
False
Does 464 divide 621692576?
False
Is 60 a factor of 24433598?
False
Does 31 divide 258186693?
True
Does 460 divide 1878956?
False
Is 3271 a factor of 79328292?
True
Does 11 divide 2749054?
True
Is 96913632 a multiple of 292?
True
Is 13 a factor of 373589166?
False
Is 6 a factor of 478668?
True
Does 258 divide 1663537302?
True
Is 1282 a factor of 21486320?
True
Is 13 a factor of 456573?
True
Is 5049217 a multiple of 2?
False
Is 650 a factor of 12091950?
True
Is 50894368 a multiple of 16?
True
Is 69891089 a multiple of 152?
False
Is 34 a factor of 150507266?
False
Is 48 a factor of 6539040?
True
Is 18291175 a multiple of 5?
True
Is 43491393 a multiple of 104?
False
Does 19 divide 47193565?
False
Is 2549 a factor of 211451229?
False
Is 11 a factor of 1500078982?
False
Is 108 a factor of 74927808?
True
Does 324 divide 240888168?
True
Is 32521280 a multiple of 20?
True
Is 322 a factor of 71243861?
False
Is 4 a factor of 61344223?
False
Does 10 divide 6377801?
False
Is 126 a factor of 1327523778?
True
Does 824 divide 663766608?
True
Is 92 a factor of 1524256?
True
Does 24 divide 59759962?
False
Is 2157321051 a multiple of 129?
True
Is 52405933 a multiple of 5824?
False
Is 208 a factor of 5490819?
False
Is 65494716 a multiple of 6?
True
Is 143963318 a multiple of 62?
True
Is 49 a factor of 8239742?
True
Is 294329694 a multiple of 894?
False
Does 10 divide 5170489?
False
Is 2015 a factor of 139758949?
False
Is 172 a factor of 1182349328?
True
Does 1011 divide 2534979378?
True
Is 7 a factor of 13465933?
False
Is 7797544 a multiple of 8?
True
Does 319 divide 3632772?
True
Is 635290378 a multiple of 8?
False
Is 43 a factor of 20674701?
True
Is 614 a factor of 6169472?
True
Is 453 a factor of 43006914?
True
Is 13004775 a multiple of 35?
True
Does 74 divide 1258060976?
True
Is 1298 a factor of 163661196?
False
Is 711 a factor of 649684071?
True
Is 23700846 a multiple of 678?
True
Does 49 divide 1592307556?
False
Does 671 divide 1540616?
True
Is 36600515 a multiple of 100?
False
Does 32 divide 5629845440?
True
Is 369307240 a multiple of 10?
True
Is 6 a factor of 369517602?
True
Is 1334816 a multiple of 202?
True
Is 585369974 a multiple of 4?
False
Does 14285 divide 3078946820?
False
Does 134 divide 115628198?
True
Is 844982419 a multiple of 29?
False
Is 7 a factor of 828698339?
True
Does 31 divide 49962390?
True
Does 45 divide 160340079?
False
Does 10 divide 669050?
True
Is 408576893 a multiple of 43?
False
Is 52547814 a multiple of 246?
True
Is 472424060 a multiple of 751?
True
Is 187554080 a multiple of 3020?
True
Is 43 a factor of 2459942830?
False
Does 755 divide 56839551?
False
Does 6 divide 1532831706?
True
Does 2974 divide 83926280?
True
Does 23 divide 8191082?
True
Is 14 a factor of 59187208?
False
Is 11 a factor of 1076532468?
True
Does 162 divide 1894474656?
True
Does 7196 divide 931435848?
True
Is 73380875 a multiple of 8583?
False
Does 449 divide 145723848?
True
Is 292585523 a multiple of 46?
False
Does 1511 divide 56023284?
False
Does 1005 divide 15904868?
False
Is 1455 a factor of 326084415?
True
Is 9 a factor of 10204722?
True
Does 49 divide 346855859?
True
Is 28104740 a multiple of 717?
False
Does 305 divide 73775050?
False
Is 1935 a factor of 413136604?
False
Is 198 a factor of 1452220211?
False
Is 296 a factor of 11017120?
True
Does 226 divide 397322053?
False
Does 170 divide 254003751?
False
Does 70 divide 1046353?
False
Is 1697273088 a multiple of 768?
True
Is 43 a factor of 1452065092?
False
Is 373 a factor of 356767232?
False
Does 13 divide 4379333192?
True
Does 15 divide 332267235?
True
Does 61 divide 45513747?
True
Is 657951 a multiple of 291?
True
Is 663854623 a multiple of 19?
True
Is 170258427 a multiple of 41?
False
Is 115170780 a multiple of 380?
True
Does 2600 divide 708474000?
True
Does 1774 divide 191466046?
True
Is 3413 a factor of 570053457?
False
Does 16 divide 20804394?
False
Is 808768950 a multiple of 9?
False
Is 54 a factor of 2476369?
False
Is 20308470 a multiple of 1118?
True
Is 235 a factor of 60975215?
True
Is 9 a factor of 238075955?
False
Is 3864 a factor of 213841488?
True
Is 39 a factor of 168688310?
False
Is 78435053 a multiple of 62?
False
Does 148 divide 45995440?
True
Is 2513 a factor of 209635488?
False
Is 107251147 a multiple of 247?
False
Does 869 divide 103642154?
True
Does 15 divide 6089904?
False
Is 124905360 a multiple of 80?
True
Is 160 a factor of 33484919?
False
Does 66 divide 10722096?
True
Is 10234749 a multiple of 17?
False
Does 1674 divide 448735788?
True
Is 1283310873 a multiple of 873?
True
Is 34305808 a multiple of 1336?
True
Does 487 divide 295952966?
False
Is 7 a factor of 26784359?
True
Is 4 a factor of 2580426?
False
Is 14 a factor of 1689953912?
False
Is 205 a factor of 80108026?
False
Does 31 divide 590787857?
False
Is 1264 a factor of 36512022?
False
Is 221 a factor of 31368410?
False
Is 478564931 a multiple of 363?
False
Does 599 divide 29875602?
False
Is 28230566 a multiple of 1236?
False
Is 47 a factor of 1279667743?
False
Is 32593572 a multiple of 12?
True
Is 11582524 a multiple of 46?
True
Does 281 divide 4443691007?
True
Is 580 a factor of 195881660?
True
Is 23763450 a multiple of 451?
False
Does 19 divide 28010228?
False
Is 6477213 a multiple of 14?
False
Does 2 divide 4785888?
True
Is 52 a factor of 428632256?
True
Is 138639612 a multiple of 51?
False
Does 122 divide 26410438?
True
Does 1647 divide 563807628?
True
Is 457 a factor of 792424747?
True
Does 22 divide 1220758?
True
Is 102871632 a multiple of 849?
True
Does 117 divide 1066316589?
True
Is 34320196 a multiple of 6668?
True
Is 11427624 a multiple of 8?
True
Is 213935053 a multiple of 108?
False
Is 411146400 a multiple of 560?
True
Is 4577370 a multiple of 6?
True
Is 2628 a factor of 831528108?
True
Is 44366700 a multiple of 150?
True
Is 1279 a factor of 32620712?
False
Is 34205819 a multiple of 29?
True
Is 24 a factor of 44752775?
False
Does 2945 divide 2995265260?
True
Is 849082992 a multiple of 8286?
True
Does 995 divide 9513806?
False
Is 58 a factor of 143390195?
False
Is 57 a factor of 25146120?
True
Is 35619307 a multiple of 661?
True
Is 1266 a factor of 39663380?
False
Does 32 divide 603045952?
True
Is 2358791883 a multiple of 1407?
True
Is 4409597360 a multiple of 68?
True
Is 127734791 a multiple of 38?
False
Is 14437768 a multiple of 474?
False
Is 266318140 a multiple of 220?
True
Is 25722389 a multiple of 314?
False
Does 9 divide 27522343?
False
Is 73256080 a multiple of 235?
True
Is 5140719 a multiple of 1858?
False
Is 27 a factor of 221375452?
False
Is 8265 a factor of 1276678020?
True
Is 313413150 a multiple of 3966?
True
Does 1751 divide 136968221?
False
Is 187926759 a multiple of 40?
False
Is 40938048 a multiple of 562?
False
Is 450238 a multiple of 11?
False
Is 182816796 a multiple of 25?
False
Is 27 a factor of 99043030?
False
Does 1491 divide 71679480?
False
Is 8 a factor of 78616216?
True
Is 59 a factor of 73048895?
False
Does 235 divide 1508638665?
True
Does 6720 divide 1047533760?
True
Is 17 a factor of 372462904?
False
Does 10 divide 47196340?
True
Is 688505601 a multiple of 469?
True
Is 95999620 a multiple of 8?
False
Does 6340 divide 722638450?
False
Is 384 a factor of 535794048?
True
Is 15422495 a multiple of 9?
False
Is 51469240 a multiple of 40?
True
Does 7806 divide 2323744722?
True
Is 10 a factor of 17869400?
True
Does 28 divide 647933244?
True
Is 698 a factor of 226776710?
True
Does 313 divide 1023050829?
True
Does 2030 divide 50522221?
False
Does 1894 divide 127873410?
True
Is 192817299 a multiple of 3124?
False
Is 1430127309 a multiple of 403?
True
Is 222 a factor of 1926332184?
True
Is 7 a factor of 76701359?
True
Does 123 divide 175868317?
False
Does 16 divide 1377996039?
False
Is 1742 a factor of 611802594?
True
Does 12 divide 34535880?
True
Is 55114500 a multiple of 4350?
True
Is 985404810 a multiple of 7278?
True
Is 1787 a factor of 1987144?
True
Is 11 a factor of 2728018447?
True
Is 52 a factor of 14107586?
False
Is 2370049 a multiple of 10?
False
Does 56 divide 122223752?
True
Is 2699 a factor of 45602613?
False
Is 9451776 a multiple of 256?
True
Does 21 divide 9206043?
True
Is 61601876 a multiple